{"id":116,"date":"2026-03-24T10:02:12","date_gmt":"2026-03-24T10:02:12","guid":{"rendered":"https:\/\/awesome-joliot.194-56-190-43.plesk.page\/?page_id=116"},"modified":"2026-04-24T07:00:19","modified_gmt":"2026-04-24T07:00:19","slug":"ueber-uns-bootmaster","status":"publish","type":"page","link":"https:\/\/awesome-joliot.194-56-190-43.plesk.page\/index.php\/ueber-uns-bootmaster\/","title":{"rendered":"\u00dcber uns"},"content":{"rendered":"\n<div class=\"wp-block-media-text alignfull has-media-on-the-right is-stacked-on-mobile is-vertically-aligned-center is-style-default\" style=\"grid-template-columns:auto 41%\"><div class=\"wp-block-media-text__content\">\n<h2 class=\"wp-block-heading has-text-color\" style=\"color:#000000\"><strong>\u00dcber uns \u2013 BootMaster<\/strong><\/h2>\n\n\n\n<p class=\"has-text-color\" style=\"color:#636363;font-size:17px;line-height:1.1\"><br><strong>\u00dcber uns \u2013 Bootmaster<\/strong><\/p>\n\n\n\n<p>Bootmaster wurde von Lorenz, Jonathan und Raphael gegr\u00fcndet \u2013 drei Freunden, die nicht nur die Liebe zum Fu\u00dfball teilen, sondern auch den Anspruch, das Beste aus ihrem Spiel herauszuholen. Was uns von Anfang an verbunden hat, war die \u00dcberzeugung, dass der richtige Fu\u00dfballschuh einen echten Unterschied macht \u2013 in Komfort, Performance und Selbstvertrauen auf dem Platz.<\/p>\n\n\n\n<p>Aus dieser gemeinsamen Leidenschaft entstand die Idee zu Bootmaster: ein moderner Online-Shop, der Fu\u00dfballspielerinnen und -spielern genau das bietet, was wir selbst immer gesucht haben \u2013 eine gro\u00dfe Auswahl an hochwertigen Fu\u00dfballschuhen, aktuelle Modelle und eine einfache, verl\u00e4ssliche Einkaufserfahrung.<\/p>\n\n\n\n<p>Jeder von uns bringt unterschiedliche St\u00e4rken ein, aber wir verfolgen dasselbe Ziel: dir zu helfen, den perfekten Schuh f\u00fcr deinen Spielstil zu finden. Wir testen Produkte, verfolgen neue Trends im Fu\u00dfball und achten darauf, nur das anzubieten, wovon wir selbst \u00fcberzeugt sind.<\/p>\n\n\n\n<p>Bootmaster steht f\u00fcr Qualit\u00e4t, Leidenschaft und Authentizit\u00e4t \u2013 von Spielern f\u00fcr Spieler.<\/p>\n\n\n\n<p class=\"has-text-color\" style=\"color:#636363;font-size:17px;line-height:1.1\"><strong>.<\/strong><\/p>\n<\/div><figure class=\"wp-block-media-text__media\"><img loading=\"lazy\" decoding=\"async\" width=\"1024\" height=\"683\" src=\"https:\/\/awesome-joliot.194-56-190-43.plesk.page\/wp-content\/uploads\/2026\/04\/9a1d6be7-7cb1-476b-b170-75a6f9f1b0a4-1024x683.png\" alt=\"\" class=\"wp-image-167 size-full\" srcset=\"https:\/\/awesome-joliot.194-56-190-43.plesk.page\/wp-content\/uploads\/2026\/04\/9a1d6be7-7cb1-476b-b170-75a6f9f1b0a4-1024x683.png 1024w, https:\/\/awesome-joliot.194-56-190-43.plesk.page\/wp-content\/uploads\/2026\/04\/9a1d6be7-7cb1-476b-b170-75a6f9f1b0a4-300x200.png 300w, https:\/\/awesome-joliot.194-56-190-43.plesk.page\/wp-content\/uploads\/2026\/04\/9a1d6be7-7cb1-476b-b170-75a6f9f1b0a4-768x512.png 768w, https:\/\/awesome-joliot.194-56-190-43.plesk.page\/wp-content\/uploads\/2026\/04\/9a1d6be7-7cb1-476b-b170-75a6f9f1b0a4-600x400.png 600w, https:\/\/awesome-joliot.194-56-190-43.plesk.page\/wp-content\/uploads\/2026\/04\/9a1d6be7-7cb1-476b-b170-75a6f9f1b0a4.png 1536w\" sizes=\"auto, (max-width: 1024px) 100vw, 1024px\" \/><\/figure><\/div>\n","protected":false},"excerpt":{"rendered":"<p>\u00dcber uns \u2013 BootMaster \u00dcber uns \u2013 Bootmaster Bootmaster wurde von Lorenz, Jonathan und Raphael gegr\u00fcndet \u2013 drei Freunden, die nicht nur die Liebe zum Fu\u00dfball teilen, sondern auch den Anspruch, das Beste aus ihrem Spiel herauszuholen. Was uns von Anfang an verbunden hat, war die \u00dcberzeugung, dass der richtige Fu\u00dfballschuh einen echten Unterschied macht<\/p>\n<div class=\"more-link\">\n\t\t\t\t <a href=\"https:\/\/awesome-joliot.194-56-190-43.plesk.page\/index.php\/ueber-uns-bootmaster\/\" class=\"btn theme-btn\"><span>Weiterlesen <\/span><\/a>\n\t\t\t<\/div>\n","protected":false},"author":5,"featured_media":0,"parent":0,"menu_order":0,"comment_status":"closed","ping_status":"closed","template":"","meta":{"footnotes":""},"class_list":["post-116","page","type-page","status-publish","hentry"],"_links":{"self":[{"href":"https:\/\/awesome-joliot.194-56-190-43.plesk.page\/index.php\/wp-json\/wp\/v2\/pages\/116","targetHints":{"allow":["GET"]}}],"collection":[{"href":"https:\/\/awesome-joliot.194-56-190-43.plesk.page\/index.php\/wp-json\/wp\/v2\/pages"}],"about":[{"href":"https:\/\/awesome-joliot.194-56-190-43.plesk.page\/index.php\/wp-json\/wp\/v2\/types\/page"}],"author":[{"embeddable":true,"href":"https:\/\/awesome-joliot.194-56-190-43.plesk.page\/index.php\/wp-json\/wp\/v2\/users\/5"}],"replies":[{"embeddable":true,"href":"https:\/\/awesome-joliot.194-56-190-43.plesk.page\/index.php\/wp-json\/wp\/v2\/comments?post=116"}],"version-history":[{"count":12,"href":"https:\/\/awesome-joliot.194-56-190-43.plesk.page\/index.php\/wp-json\/wp\/v2\/pages\/116\/revisions"}],"predecessor-version":[{"id":168,"href":"https:\/\/awesome-joliot.194-56-190-43.plesk.page\/index.php\/wp-json\/wp\/v2\/pages\/116\/revisions\/168"}],"wp:attachment":[{"href":"https:\/\/awesome-joliot.194-56-190-43.plesk.page\/index.php\/wp-json\/wp\/v2\/media?parent=116"}],"curies":[{"name":"wp","href":"https:\/\/api.w.org\/{rel}","templated":true}]}}